{"id":327,"date":"2026-02-24T09:44:24","date_gmt":"2026-02-24T09:44:24","guid":{"rendered":"https:\/\/rd-visoko.si\/?page_id=327"},"modified":"2026-03-09T11:48:49","modified_gmt":"2026-03-09T11:48:49","slug":"galerije","status":"publish","type":"page","link":"https:\/\/rd-visoko.si\/index.php\/galerije\/","title":{"rendered":"Galerije"},"content":{"rendered":"\n<div class=\"wp-block-media-text is-stacked-on-mobile\"><figure class=\"wp-block-media-text__media\"><a href=\"https:\/\/rd-visoko.si\/index.php\/galerija-revirji\/\"><img loading=\"lazy\" decoding=\"async\" width=\"1024\" height=\"768\" src=\"https:\/\/rd-visoko.si\/wp-content\/uploads\/2026\/02\/SORA-ZABJA-VAS-2017-5-Medium.jpg\" alt=\"\" class=\"wp-image-67 size-full\" srcset=\"https:\/\/rd-visoko.si\/wp-content\/uploads\/2026\/02\/SORA-ZABJA-VAS-2017-5-Medium.jpg 1024w, https:\/\/rd-visoko.si\/wp-content\/uploads\/2026\/02\/SORA-ZABJA-VAS-2017-5-Medium-300x225.jpg 300w, https:\/\/rd-visoko.si\/wp-content\/uploads\/2026\/02\/SORA-ZABJA-VAS-2017-5-Medium-768x576.jpg 768w\" sizes=\"auto, (max-width: 1024px) 100vw, 1024px\" \/><\/a><\/figure><div class=\"wp-block-media-text__content\">\n<p class=\"wp-block-paragraph\">Revirji<\/p>\n<\/div><\/div>\n\n\n\n<div class=\"wp-block-media-text is-stacked-on-mobile\"><figure class=\"wp-block-media-text__media\"><a href=\"https:\/\/rd-visoko.si\/index.php\/galerija-inventarizacija\/\"><img loading=\"lazy\" decoding=\"async\" width=\"1024\" height=\"768\" src=\"https:\/\/rd-visoko.si\/wp-content\/uploads\/2026\/02\/INVENTARIZACIJA-ZABJA-VAS-6-Medium.jpg\" alt=\"\" class=\"wp-image-85 size-full\" srcset=\"https:\/\/rd-visoko.si\/wp-content\/uploads\/2026\/02\/INVENTARIZACIJA-ZABJA-VAS-6-Medium.jpg 1024w, https:\/\/rd-visoko.si\/wp-content\/uploads\/2026\/02\/INVENTARIZACIJA-ZABJA-VAS-6-Medium-300x225.jpg 300w, https:\/\/rd-visoko.si\/wp-content\/uploads\/2026\/02\/INVENTARIZACIJA-ZABJA-VAS-6-Medium-768x576.jpg 768w\" sizes=\"auto, (max-width: 1024px) 100vw, 1024px\" \/><\/a><\/figure><div class=\"wp-block-media-text__content\">\n<p class=\"wp-block-paragraph\">Inventarizacija<\/p>\n<\/div><\/div>\n\n\n\n<div class=\"wp-block-media-text is-stacked-on-mobile\"><figure class=\"wp-block-media-text__media\"><a href=\"https:\/\/rd-visoko.si\/index.php\/galerija-mladi-ribici\/\"><img loading=\"lazy\" decoding=\"async\" width=\"1024\" height=\"768\" src=\"https:\/\/rd-visoko.si\/wp-content\/uploads\/2026\/02\/MLADI-RIBICI-8-Medium.jpg\" alt=\"\" class=\"wp-image-54 size-full\" srcset=\"https:\/\/rd-visoko.si\/wp-content\/uploads\/2026\/02\/MLADI-RIBICI-8-Medium.jpg 1024w, https:\/\/rd-visoko.si\/wp-content\/uploads\/2026\/02\/MLADI-RIBICI-8-Medium-300x225.jpg 300w, https:\/\/rd-visoko.si\/wp-content\/uploads\/2026\/02\/MLADI-RIBICI-8-Medium-768x576.jpg 768w\" sizes=\"auto, (max-width: 1024px) 100vw, 1024px\" \/><\/a><\/figure><div class=\"wp-block-media-text__content\">\n<p class=\"wp-block-paragraph\">Mladi ribi\u010di<\/p>\n<\/div><\/div>\n\n\n\n<div class=\"wp-block-media-text is-stacked-on-mobile\"><figure class=\"wp-block-media-text__media\"><a href=\"https:\/\/rd-visoko.si\/index.php\/galerija-delo-s-solami\/\"><img loading=\"lazy\" decoding=\"async\" width=\"1024\" height=\"768\" src=\"https:\/\/rd-visoko.si\/wp-content\/uploads\/2026\/02\/DELO-Z-O.-SOLAMI-1-Medium.jpg\" alt=\"\" class=\"wp-image-79 size-full\" srcset=\"https:\/\/rd-visoko.si\/wp-content\/uploads\/2026\/02\/DELO-Z-O.-SOLAMI-1-Medium.jpg 1024w, https:\/\/rd-visoko.si\/wp-content\/uploads\/2026\/02\/DELO-Z-O.-SOLAMI-1-Medium-300x225.jpg 300w, https:\/\/rd-visoko.si\/wp-content\/uploads\/2026\/02\/DELO-Z-O.-SOLAMI-1-Medium-768x576.jpg 768w\" sizes=\"auto, (max-width: 1024px) 100vw, 1024px\" \/><\/a><\/figure><div class=\"wp-block-media-text__content\">\n<p class=\"wp-block-paragraph\">Delo s \u0161olami<\/p>\n<\/div><\/div>\n\n\n\n<div class=\"wp-block-media-text is-stacked-on-mobile\"><figure class=\"wp-block-media-text__media\"><a href=\"https:\/\/rd-visoko.si\/index.php\/galerija-50-let\/\"><img loading=\"lazy\" decoding=\"async\" width=\"1024\" height=\"680\" src=\"https:\/\/rd-visoko.si\/wp-content\/uploads\/2026\/02\/50-LETNICA-Medium-1024x680.jpg\" alt=\"\" class=\"wp-image-92 size-full\" srcset=\"https:\/\/rd-visoko.si\/wp-content\/uploads\/2026\/02\/50-LETNICA-Medium-1024x680.jpg 1024w, https:\/\/rd-visoko.si\/wp-content\/uploads\/2026\/02\/50-LETNICA-Medium-300x199.jpg 300w, https:\/\/rd-visoko.si\/wp-content\/uploads\/2026\/02\/50-LETNICA-Medium-768x510.jpg 768w, https:\/\/rd-visoko.si\/wp-content\/uploads\/2026\/02\/50-LETNICA-Medium.jpg 1156w\" sizes=\"auto, (max-width: 1024px) 100vw, 1024px\" \/><\/a><\/figure><div class=\"wp-block-media-text__content\">\n<p class=\"wp-block-paragraph\">50 let ribi\u0161ke dru\u017eine Visoko<\/p>\n<\/div><\/div>\n","protected":false},"excerpt":{"rendered":"<p>Revirji Inventarizacija Mladi ribi\u010di Delo s \u0161olami 50 let ribi\u0161ke dru\u017eine Visoko<\/p>\n","protected":false},"author":1,"featured_media":0,"parent":0,"menu_order":0,"comment_status":"closed","ping_status":"closed","template":"","meta":{"_crdt_document":"","site-sidebar-layout":"default","site-content-layout":"","ast-site-content-layout":"default","site-content-style":"default","site-sidebar-style":"default","ast-global-header-display":"","ast-banner-title-visibility":"","ast-main-header-display":"","ast-hfb-above-header-display":"","ast-hfb-below-header-display":"","ast-hfb-mobile-header-display":"","site-post-title":"","ast-breadcrumbs-content":"","ast-featured-img":"","footer-sml-layout":"","ast-disable-related-posts":"","theme-transparent-header-meta":"","adv-header-id-meta":"","stick-header-meta":"","header-above-stick-meta":"","header-main-stick-meta":"","header-below-stick-meta":"","astra-migrate-meta-layouts":"default","ast-page-background-enabled":"default","ast-page-background-meta":{"desktop":{"background-color":"var(--ast-global-color-5)","background-image":"","background-repeat":"repeat","background-position":"center center","background-size":"auto","background-attachment":"scroll","background-type":"","background-media":"","overlay-type":"","overlay-color":"","overlay-opacity":"","overlay-gradient":""},"tablet":{"background-color":"","background-image":"","background-repeat":"repeat","background-position":"center center","background-size":"auto","background-attachment":"scroll","background-type":"","background-media":"","overlay-type":"","overlay-color":"","overlay-opacity":"","overlay-gradient":""},"mobile":{"background-color":"","background-image":"","background-repeat":"repeat","background-position":"center center","background-size":"auto","background-attachment":"scroll","background-type":"","background-media":"","overlay-type":"","overlay-color":"","overlay-opacity":"","overlay-gradient":""}},"ast-content-background-meta":{"desktop":{"background-color":"var(--ast-global-color-4)","background-image":"","background-repeat":"repeat","background-position":"center center","background-size":"auto","background-attachment":"scroll","background-type":"","background-media":"","overlay-type":"","overlay-color":"","overlay-opacity":"","overlay-gradient":""},"tablet":{"background-color":"var(--ast-global-color-4)","background-image":"","background-repeat":"repeat","background-position":"center center","background-size":"auto","background-attachment":"scroll","background-type":"","background-media":"","overlay-type":"","overlay-color":"","overlay-opacity":"","overlay-gradient":""},"mobile":{"background-color":"var(--ast-global-color-4)","background-image":"","background-repeat":"repeat","background-position":"center center","background-size":"auto","background-attachment":"scroll","background-type":"","background-media":"","overlay-type":"","overlay-color":"","overlay-opacity":"","overlay-gradient":""}},"_kadence_starter_templates_imported_post":false,"_mc_calendar":[],"footnotes":""},"class_list":["post-327","page","type-page","status-publish","hentry"],"_links":{"self":[{"href":"https:\/\/rd-visoko.si\/index.php\/wp-json\/wp\/v2\/pages\/327","targetHints":{"allow":["GET"]}}],"collection":[{"href":"https:\/\/rd-visoko.si\/index.php\/wp-json\/wp\/v2\/pages"}],"about":[{"href":"https:\/\/rd-visoko.si\/index.php\/wp-json\/wp\/v2\/types\/page"}],"author":[{"embeddable":true,"href":"https:\/\/rd-visoko.si\/index.php\/wp-json\/wp\/v2\/users\/1"}],"replies":[{"embeddable":true,"href":"https:\/\/rd-visoko.si\/index.php\/wp-json\/wp\/v2\/comments?post=327"}],"version-history":[{"count":7,"href":"https:\/\/rd-visoko.si\/index.php\/wp-json\/wp\/v2\/pages\/327\/revisions"}],"predecessor-version":[{"id":787,"href":"https:\/\/rd-visoko.si\/index.php\/wp-json\/wp\/v2\/pages\/327\/revisions\/787"}],"wp:attachment":[{"href":"https:\/\/rd-visoko.si\/index.php\/wp-json\/wp\/v2\/media?parent=327"}],"curies":[{"name":"wp","href":"https:\/\/api.w.org\/{rel}","templated":true}]}}