{"id":447,"date":"2026-02-25T06:33:14","date_gmt":"2026-02-25T06:33:14","guid":{"rendered":"https:\/\/rd-visoko.si\/?page_id=447"},"modified":"2026-03-17T07:23:23","modified_gmt":"2026-03-17T07:23:23","slug":"startseite","status":"publish","type":"page","link":"https:\/\/rd-visoko.si\/index.php\/de\/startseite\/","title":{"rendered":"Startseite"},"content":{"rendered":"\n<div class=\"wp-block-cover alignfull is-light\" style=\"min-height:553px;aspect-ratio:unset;\"><img loading=\"lazy\" decoding=\"async\" width=\"1024\" height=\"686\" class=\"wp-block-cover__image-background wp-image-461 size-large\" alt=\"\" src=\"https:\/\/rd-visoko.si\/wp-content\/uploads\/2026\/03\/visokoo-3-1024x686.jpg\" data-object-fit=\"cover\" srcset=\"https:\/\/rd-visoko.si\/wp-content\/uploads\/2026\/03\/visokoo-3-1024x686.jpg 1024w, https:\/\/rd-visoko.si\/wp-content\/uploads\/2026\/03\/visokoo-3-300x201.jpg 300w, https:\/\/rd-visoko.si\/wp-content\/uploads\/2026\/03\/visokoo-3-768x514.jpg 768w, https:\/\/rd-visoko.si\/wp-content\/uploads\/2026\/03\/visokoo-3-1536x1028.jpg 1536w, https:\/\/rd-visoko.si\/wp-content\/uploads\/2026\/03\/visokoo-3.jpg 1613w\" sizes=\"auto, (max-width: 1024px) 100vw, 1024px\" \/><span aria-hidden=\"true\" class=\"wp-block-cover__background has-background-dim\" style=\"background-color:#a6acae\"><\/span><div class=\"wp-block-cover__inner-container is-layout-constrained wp-block-cover-is-layout-constrained\">\n<p class=\"has-text-align-center has-white-color has-text-color has-link-color wp-elements-fe625a21834ea922be40ab1cfe129509 wp-block-paragraph\" style=\"font-size:12px\"><strong>Die Poljanska Sora \u2013 ein Fluss, der mit seinem lebendigen Flussbett und seinen ruhigen Becken das Tal unterhalb von Blego\u0161 verbindet und ein St\u00fcck unber\u00fchrter Natur schafft.<\/strong><\/p>\n\n\n\n<p class=\"has-text-align-center has-white-color has-text-color has-link-color wp-elements-4aea038a543b5430a5b46220925aeddd wp-block-paragraph\" style=\"font-size:12px\">Ihre gr\u00fcnen Ufer und ihr klares Wasser bieten zahlreichen Fischarten ein Zuhause und sind ein Paradies f\u00fcr alle, die Ruhe, Entspannung und eine tiefe Verbindung zur Natur suchen. <\/p>\n\n\n\n<p class=\"has-text-align-center has-white-color has-text-color has-link-color wp-elements-72bee2dd6b8e69bedc5b10ba1717f9eb wp-block-paragraph\" style=\"font-size:12px\">Willkommen auf der Webseite der Fischerfamilie Visoko! Wir bewahren den Reichtum der Poljanska Sora f\u00fcr zuk\u00fcnftige Generationen durch verantwortungsvolles Handeln und Respekt vor dem Fluss.<\/p>\n\n\n\n<div class=\"wp-block-buttons is-content-justification-center is-layout-flex wp-container-core-buttons-is-layout-3e41869c wp-block-buttons-is-layout-flex\">\n<div class=\"wp-block-button\"><a class=\"wp-block-button__link has-pale-cyan-blue-background-color has-background wp-element-button\" href=\"https:\/\/rd-visoko.si\/index.php\/de\/uber-uns\/\">Mehr &gt;&gt;&gt;<\/a><\/div>\n<\/div>\n<\/div><\/div>\n","protected":false},"excerpt":{"rendered":"","protected":false},"author":2,"featured_media":0,"parent":0,"menu_order":0,"comment_status":"closed","ping_status":"closed","template":"","meta":{"_crdt_document":"","site-sidebar-layout":"default","site-content-layout":"","ast-site-content-layout":"default","site-content-style":"default","site-sidebar-style":"default","ast-global-header-display":"","ast-banner-title-visibility":"","ast-main-header-display":"","ast-hfb-above-header-display":"","ast-hfb-below-header-display":"","ast-hfb-mobile-header-display":"","site-post-title":"disabled","ast-breadcrumbs-content":"","ast-featured-img":"","footer-sml-layout":"","ast-disable-related-posts":"","theme-transparent-header-meta":"","adv-header-id-meta":"","stick-header-meta":"","header-above-stick-meta":"","header-main-stick-meta":"","header-below-stick-meta":"","astra-migrate-meta-layouts":"default","ast-page-background-enabled":"default","ast-page-background-meta":{"desktop":{"background-color":"var(--ast-global-color-5)","background-image":"","background-repeat":"repeat","background-position":"center center","background-size":"auto","background-attachment":"scroll","background-type":"","background-media":"","overlay-type":"","overlay-color":"","overlay-opacity":"","overlay-gradient":""},"tablet":{"background-color":"","background-image":"","background-repeat":"repeat","background-position":"center center","background-size":"auto","background-attachment":"scroll","background-type":"","background-media":"","overlay-type":"","overlay-color":"","overlay-opacity":"","overlay-gradient":""},"mobile":{"background-color":"","background-image":"","background-repeat":"repeat","background-position":"center center","background-size":"auto","background-attachment":"scroll","background-type":"","background-media":"","overlay-type":"","overlay-color":"","overlay-opacity":"","overlay-gradient":""}},"ast-content-background-meta":{"desktop":{"background-color":"var(--ast-global-color-4)","background-image":"","background-repeat":"repeat","background-position":"center center","background-size":"auto","background-attachment":"scroll","background-type":"","background-media":"","overlay-type":"","overlay-color":"","overlay-opacity":"","overlay-gradient":""},"tablet":{"background-color":"var(--ast-global-color-4)","background-image":"","background-repeat":"repeat","background-position":"center center","background-size":"auto","background-attachment":"scroll","background-type":"","background-media":"","overlay-type":"","overlay-color":"","overlay-opacity":"","overlay-gradient":""},"mobile":{"background-color":"var(--ast-global-color-4)","background-image":"","background-repeat":"repeat","background-position":"center center","background-size":"auto","background-attachment":"scroll","background-type":"","background-media":"","overlay-type":"","overlay-color":"","overlay-opacity":"","overlay-gradient":""}},"_kadence_starter_templates_imported_post":false,"_mc_calendar":[],"footnotes":""},"class_list":["post-447","page","type-page","status-publish","hentry"],"_links":{"self":[{"href":"https:\/\/rd-visoko.si\/index.php\/wp-json\/wp\/v2\/pages\/447","targetHints":{"allow":["GET"]}}],"collection":[{"href":"https:\/\/rd-visoko.si\/index.php\/wp-json\/wp\/v2\/pages"}],"about":[{"href":"https:\/\/rd-visoko.si\/index.php\/wp-json\/wp\/v2\/types\/page"}],"author":[{"embeddable":true,"href":"https:\/\/rd-visoko.si\/index.php\/wp-json\/wp\/v2\/users\/2"}],"replies":[{"embeddable":true,"href":"https:\/\/rd-visoko.si\/index.php\/wp-json\/wp\/v2\/comments?post=447"}],"version-history":[{"count":10,"href":"https:\/\/rd-visoko.si\/index.php\/wp-json\/wp\/v2\/pages\/447\/revisions"}],"predecessor-version":[{"id":837,"href":"https:\/\/rd-visoko.si\/index.php\/wp-json\/wp\/v2\/pages\/447\/revisions\/837"}],"wp:attachment":[{"href":"https:\/\/rd-visoko.si\/index.php\/wp-json\/wp\/v2\/media?parent=447"}],"curies":[{"name":"wp","href":"https:\/\/api.w.org\/{rel}","templated":true}]}}