{"id":476,"date":"2026-03-03T05:21:25","date_gmt":"2026-03-03T05:21:25","guid":{"rendered":"https:\/\/rd-visoko.si\/?page_id=476"},"modified":"2026-03-03T05:21:27","modified_gmt":"2026-03-03T05:21:27","slug":"chi-siamo","status":"publish","type":"page","link":"https:\/\/rd-visoko.si\/index.php\/it\/chi-siamo\/","title":{"rendered":"Chi siamo"},"content":{"rendered":"\n<p class=\"has-large-font-size wp-block-paragraph\">Famiglia di pescatori di Visoko (1954) 1959-2009<\/p>\n\n\n\n<p class=\"wp-block-paragraph\">La pesca si pratica fin dall&#8217;antichit\u00e0. All&#8217;inizio, naturalmente, solo per il cibo e la sopravvivenza. Nel nostro paese, i pescatori di ponte sono considerati buoni pescatori. I metodi e le tecniche di pesca erano inizialmente primitivi, e quindi spesso infruttuosi, ma in seguito furono migliorati e ottennero sempre pi\u00f9 successo. Con l&#8217;avvento della civilt\u00e0, la pesca \u00e8 sempre stata associata al diritto di pesca. Nel feudalesimo, questo diritto apparteneva solitamente ai signori del feudo e alla Chiesa. Con l&#8217;avvento della borghesia, si afferm\u00f2 la pesca commerciale. Furono istituite corporazioni di pescatori, in cui furono stabilite per la prima volta anche regole e restrizioni per la pesca. In Slovenia, nel XVII secolo fu fondata l&#8217;Associazione dei pescatori di Trnovo, che riuniva i pescatori professionisti. Sono noti anche gli scritti di Valvasor sul lago di Cerknica e sulla pesca in esso. La pesca sportiva apparve solo pi\u00f9 tardi. Questa forma di pesca \u00e8 principalmente una forma di svago acquatico, associata alla conoscenza delle tecniche di pesca, delle abitudini dei pesci e all&#8217;osservazione della vita in acqua e nei suoi dintorni. Lo scopo della pesca sportiva \u00e8 limitare l&#8217;uso di tecniche di pesca e di esche per una particolare specie di pesce in un determinato corso d&#8217;acqua. In questo modo, rendiamo pi\u00f9 difficile la cattura dei pesci o diamo loro maggiori possibilit\u00e0 di fuga. L&#8217;inizio della pesca sportiva nel nostro Paese \u00e8 legato al Professor Ivan Franket, considerato uno dei pi\u00f9 illustri abitanti di Poljanah.<\/p>\n\n\n\n<figure class=\"wp-block-image size-full\"><img loading=\"lazy\" decoding=\"async\" width=\"294\" height=\"413\" src=\"https:\/\/rd-visoko.si\/wp-content\/uploads\/2026\/03\/franke.jpg\" alt=\"\" class=\"wp-image-477\" srcset=\"https:\/\/rd-visoko.si\/wp-content\/uploads\/2026\/03\/franke.jpg 294w, https:\/\/rd-visoko.si\/wp-content\/uploads\/2026\/03\/franke-214x300.jpg 214w\" sizes=\"auto, (max-width: 294px) 100vw, 294px\" \/><\/figure>\n\n\n\n<p class=\"wp-block-paragraph\">Ivan Franke<br>Nacque nel 1841 a Dobje pri Poljanah, dove la nostra famiglia di pescatori si prende cura anche della targa commemorativa sulla sua casa natale. Era noto anche come pittore, il nostro primo allevatore di pesci e un appassionato pescatore sportivo. Era anche un eccellente pescatore a mosca e costruttore di mosche artificiali. Pescava e conosceva quasi tutte le acque della Carniola. Frequentava spesso anche la Poljanska Sora, poich\u00e9 conosceva l&#8217;allora affittuario di Poljan\u0161\u010dica, lo scrittore Ivan Tav\u010dar. Nel 1880, a Lubiana, fu fondata la prima associazione di pescatori sportivi della Carniola. In quel periodo, l&#8217;associazione inizi\u00f2 anche a riflettere per la prima volta sulla necessit\u00e0 di investire nelle acque, non solo nella pesca. Il professor Franke prepar\u00f2 anche le basi per la prima legge sulla pesca per il Ducato di Carniola, firmata dall&#8217;imperatore Francesco Giuseppe nel 1888. A quel tempo, le acque della Carniola erano divise in distretti. Ai singoli distretti si applicava l&#8217;affitto. Solo nel 1937 questa legge fu estesa all&#8217;intero territorio sloveno. Dopo la Seconda Guerra Mondiale, le autorit\u00e0 dell&#8217;epoca divisero le acque in 13 unit\u00e0 di pesca, gestite da cooperative di pescatori. Queste catturavano il pesce e lo vendevano al mercato, occupandosi anche del ripopolamento. Anche i pescatori sportivi ne erano membri, e potevano pescare in tutta la zona. Nel 1954 fu emanata una nuova legge sulla pesca, che abol\u00ec definitivamente la locazione e l&#8217;esercizio della pesca commerciale. Gett\u00f2 le basi per l&#8217;istituzione di associazioni di pescatori, che ricevettero zone e distretti di pesca in gestione senza indennizzo. Fino al 1958 vi fu un periodo di transizione, durante il quale le modifiche alla legge abolirono definitivamente le cooperative di pescatori, trasformandole in Associazioni di associazioni di pescatori. Da allora, le associazioni di pescatori gestiscono le proprie aree in modo indipendente. Nel 1976 fu approvata una nuova legge sulla pesca in acque dolci. La legge suddivide le acque dolci in acque chiuse e acque aperte. Gli animali acquatici in acque aperte fanno parte del mondo animale nell&#8217;ambiente umano e sono propriet\u00e0 statale sottoposta a speciale protezione. In acque aperte, \u00e8 consentita solo la pesca sportiva nell&#8217;ambito del Regolamento sulla pesca sportiva del 1981, dell&#8217;Ordinanza del 1993 sui periodi di protezione e le taglie minime dei pesci e dell&#8217;Ordinanza del 1993 sulla protezione delle specie minacciate di estinzione. L&#8217;ultima Legge sulla pesca in acque dolci \u00e8 stata adottata nel 2006 e, tra le altre cose, stabilisce che l&#8217;associazione delle famiglie di pescatori in associazioni di pescatori non \u00e8 pi\u00f9 obbligatoria, ma pu\u00f2 essere solo una forma di associazione volontaria. In Slovenia ci sono circa 13.500 ettari di acque dolci libere. 12.200 ettari sono gestiti da 62 famiglie di pescatori, riunite in nove associazioni regionali di famiglie di pescatori. 1.300 ettari di acque protette escluse sono gestiti dall&#8217;Istituto per la pesca di Lubiana, che gestisce anche un catasto o inventario della pesca e statistiche sulla pesca per tutte le acque di pesca della Slovenia.<\/p>\n\n\n\n<p class=\"has-large-font-size wp-block-paragraph\">Istituzione e organizzazione dell&#8217;Associazione di pescatori di Visoko<\/p>\n\n\n\n<p class=\"wp-block-paragraph\">L&#8217;area gestita oggi dall&#8217;Associazione di pescatori di Visoko era precedentemente definita distretto 16b, che faceva parte del distretto di pesca di \u0160kofja Loka. Prima della Seconda Guerra Mondiale, il distretto era gestito da diversi affittuari. Tra gli affittuari c&#8217;era il nostro famoso scrittore Ivan Tav\u010dar, che gest\u00ec il distretto in modo esemplare fino alla sua morte nel 1923. Organizz\u00f2 un servizio di sorveglianza, concesse diritti di pesca a diversi pescatori, che revocava quando violavano le regole di pesca. Dopo di lui, il figlio subentr\u00f2 nel contratto di locazione e lo mantenne fino alla fine della guerra. Dopo la guerra, il distretto fu gestito dalla Cooperativa di Pesca di Lubiana in conformit\u00e0 con la legislazione dell&#8217;epoca. Il 9 maggio 1954 si tenne l&#8217;assemblea generale costitutiva della Famiglia dei Pescatori di Poljane per i distretti di pesca 16a e 16b. Vi parteciparono 8 membri del distretto 16a (oggi RD \u017diri) e 5 membri del distretto 16b (RD Poljane, oggi RD Visoko). L&#8217;anno successivo, i pescatori di \u017diri<\/p>\n\n\n\n<p class=\"has-large-font-size wp-block-paragraph\">I soci fondatori della nostra Associazione Pescatori erano:<\/p>\n\n\n\n<p class=\"wp-block-paragraph\">Jo\u017ee Tav\u010dar, presidente e proprietario,<br>Dr. Kristijan Derganc,<br>Ivan Kova\u010d,<br>Tone Mlakar,<br>Jo\u017ee Sturm<br>Va notato che fino al 1959, alcuni membri dell&#8217;Associazione Pescatori di Lubiana potevano pescare anche in questo distretto, ovvero fino a quando le modifiche legislative abolirono le cooperative di pesca e le sostituirono con associazioni di famiglie di pescatori. A quel tempo, i membri delle cooperative di pesca si divisero e si unirono a diverse famiglie di pescatori.<\/p>\n\n\n\n<p class=\"wp-block-paragraph\">Il numero dei soci della nostra Associazione Pescatori, che all&#8217;epoca si chiamava Associazione Pescatori del Distretto di Poljane, aument\u00f2 a 19 membri. Da quell&#8217;anno, il 24 dicembre, la nostra famiglia \u00e8 stata iscritta anche nel registro delle associazioni del comune di \u0160kofja Loka, in base all&#8217;ordinanza del comune di \u0160kofja Loka n. 03-1817\/1\u201459, del 24\/12\/1959. Abbiamo considerato questo decreto e questa data come una pietra miliare e l&#8217;inizio dell&#8217;attivit\u00e0 organizzata della nostra famiglia di pescatori. Due anni dopo, la nostra famiglia contava gi\u00e0 25 membri. Il suo nome attuale \u00e8 stato assunto nel 1968, quando \u00e8 stata rinominata Famiglia di pescatori di Visoko, e contava 39 membri. La gestione della famiglia era affidata ai membri eletti del comitato esecutivo, principalmente al presidente, al capomastro, al segretario e al tesoriere.<\/p>\n","protected":false},"excerpt":{"rendered":"<p>Famiglia di pescatori di Visoko (1954) 1959-2009 La pesca si pratica fin dall&#8217;antichit\u00e0. All&#8217;inizio, naturalmente, solo per il cibo e la sopravvivenza. Nel nostro paese, i pescatori di ponte sono [&hellip;]<\/p>\n","protected":false},"author":2,"featured_media":0,"parent":0,"menu_order":0,"comment_status":"closed","ping_status":"closed","template":"","meta":{"_crdt_document":"","site-sidebar-layout":"no-sidebar","site-content-layout":"","ast-site-content-layout":"full-width-container","site-content-style":"default","site-sidebar-style":"default","ast-global-header-display":"","ast-banner-title-visibility":"","ast-main-header-display":"","ast-hfb-above-header-display":"","ast-hfb-below-header-display":"","ast-hfb-mobile-header-display":"","site-post-title":"disabled","ast-breadcrumbs-content":"","ast-featured-img":"disabled","footer-sml-layout":"","ast-disable-related-posts":"","theme-transparent-header-meta":"","adv-header-id-meta":"","stick-header-meta":"","header-above-stick-meta":"","header-main-stick-meta":"","header-below-stick-meta":"","astra-migrate-meta-layouts":"default","ast-page-background-enabled":"default","ast-page-background-meta":{"desktop":{"background-color":"var(--ast-global-color-5)","background-image":"","background-repeat":"repeat","background-position":"center center","background-size":"auto","background-attachment":"scroll","background-type":"","background-media":"","overlay-type":"","overlay-color":"","overlay-opacity":"","overlay-gradient":""},"tablet":{"background-color":"","background-image":"","background-repeat":"repeat","background-position":"center center","background-size":"auto","background-attachment":"scroll","background-type":"","background-media":"","overlay-type":"","overlay-color":"","overlay-opacity":"","overlay-gradient":""},"mobile":{"background-color":"","background-image":"","background-repeat":"repeat","background-position":"center center","background-size":"auto","background-attachment":"scroll","background-type":"","background-media":"","overlay-type":"","overlay-color":"","overlay-opacity":"","overlay-gradient":""}},"ast-content-background-meta":{"desktop":{"background-color":"var(--ast-global-color-4)","background-image":"","background-repeat":"repeat","background-position":"center center","background-size":"auto","background-attachment":"scroll","background-type":"","background-media":"","overlay-type":"","overlay-color":"","overlay-opacity":"","overlay-gradient":""},"tablet":{"background-color":"var(--ast-global-color-4)","background-image":"","background-repeat":"repeat","background-position":"center center","background-size":"auto","background-attachment":"scroll","background-type":"","background-media":"","overlay-type":"","overlay-color":"","overlay-opacity":"","overlay-gradient":""},"mobile":{"background-color":"var(--ast-global-color-4)","background-image":"","background-repeat":"repeat","background-position":"center center","background-size":"auto","background-attachment":"scroll","background-type":"","background-media":"","overlay-type":"","overlay-color":"","overlay-opacity":"","overlay-gradient":""}},"_kadence_starter_templates_imported_post":false,"_mc_calendar":[],"footnotes":""},"class_list":["post-476","page","type-page","status-publish","hentry"],"_links":{"self":[{"href":"https:\/\/rd-visoko.si\/index.php\/wp-json\/wp\/v2\/pages\/476","targetHints":{"allow":["GET"]}}],"collection":[{"href":"https:\/\/rd-visoko.si\/index.php\/wp-json\/wp\/v2\/pages"}],"about":[{"href":"https:\/\/rd-visoko.si\/index.php\/wp-json\/wp\/v2\/types\/page"}],"author":[{"embeddable":true,"href":"https:\/\/rd-visoko.si\/index.php\/wp-json\/wp\/v2\/users\/2"}],"replies":[{"embeddable":true,"href":"https:\/\/rd-visoko.si\/index.php\/wp-json\/wp\/v2\/comments?post=476"}],"version-history":[{"count":1,"href":"https:\/\/rd-visoko.si\/index.php\/wp-json\/wp\/v2\/pages\/476\/revisions"}],"predecessor-version":[{"id":478,"href":"https:\/\/rd-visoko.si\/index.php\/wp-json\/wp\/v2\/pages\/476\/revisions\/478"}],"wp:attachment":[{"href":"https:\/\/rd-visoko.si\/index.php\/wp-json\/wp\/v2\/media?parent=476"}],"curies":[{"name":"wp","href":"https:\/\/api.w.org\/{rel}","templated":true}]}}