{"id":480,"date":"2026-03-03T05:25:41","date_gmt":"2026-03-03T05:25:41","guid":{"rendered":"https:\/\/rd-visoko.si\/?page_id=480"},"modified":"2026-03-03T05:25:43","modified_gmt":"2026-03-03T05:25:43","slug":"uber-uns","status":"publish","type":"page","link":"https:\/\/rd-visoko.si\/index.php\/de\/uber-uns\/","title":{"rendered":"\u00dcber uns"},"content":{"rendered":"\n<p class=\"has-large-font-size wp-block-paragraph\">Fischerfamilie Visoko (1954) 1959\u20132009<\/p>\n\n\n\n<p class=\"wp-block-paragraph\">Seit jeher fischen die Menschen. Anfangs nat\u00fcrlich nur zur Nahrungsbeschaffung und zum \u00dcberleben. In unserem Land gelten Br\u00fcckenfischer als gute Fischer. Die Fangmethoden und -techniken waren anfangs primitiv und daher oft erfolglos, wurden aber sp\u00e4ter verbessert und immer erfolgreicher. Mit dem Aufkommen der Zivilisation war das Fischen stets mit dem Recht zu fischen verbunden. Im Feudalismus lag dieses Recht in der Regel bei den Gutsherren und der Kirche. Mit dem Aufstieg des B\u00fcrgertums etablierte sich die kommerzielle Fischerei. Es wurden Fischerz\u00fcnfte gegr\u00fcndet, und erstmals wurden auch Fangregeln und -beschr\u00e4nkungen festgelegt. In Slowenien wurde im 17. Jahrhundert der Fischerverein Trnovo gegr\u00fcndet, der Berufsfischer verband. Auch Valvasors Schriften \u00fcber den Cerknica-See und das Fischen dort sind bekannt. Sportfischen entstand erst sp\u00e4ter. Diese Form des Angelns ist in erster Linie eine Freizeitbesch\u00e4ftigung am Wasser, verbunden mit Kenntnissen \u00fcber Angeltechniken, Fischverhalten und der Beobachtung des Lebens im und am Wasser. Ziel des Sportfischens ist es, den Einsatz von Angeltechniken und K\u00f6dern f\u00fcr bestimmte Fischarten in bestimmten Gew\u00e4ssern einzuschr\u00e4nken. Dadurch wird es dem Angler erschwert, Fische zu fangen, oder den Fischen wird eine gr\u00f6\u00dfere Chance zur Flucht gegeben. Die Anf\u00e4nge des Sportfischens in unserem Land werden mit Professor Ivan Franket in Verbindung gebracht, der als einer der bekanntesten Pers\u00f6nlichkeiten von Poljanah gilt.<\/p>\n\n\n\n<figure class=\"wp-block-image size-full\"><img loading=\"lazy\" decoding=\"async\" width=\"294\" height=\"413\" src=\"https:\/\/rd-visoko.si\/wp-content\/uploads\/2026\/03\/franke-1.jpg\" alt=\"\" class=\"wp-image-481\" srcset=\"https:\/\/rd-visoko.si\/wp-content\/uploads\/2026\/03\/franke-1.jpg 294w, https:\/\/rd-visoko.si\/wp-content\/uploads\/2026\/03\/franke-1-214x300.jpg 214w\" sizes=\"auto, (max-width: 294px) 100vw, 294px\" \/><\/figure>\n\n\n\n<p class=\"wp-block-paragraph\">Ivan Franket<br>Er wurde 1841 in Dobje pri Poljanah geboren, wo sich unsere Anglerfamilie auch um die Gedenktafel an seinem Geburtsort k\u00fcmmert. Er war au\u00dferdem als Maler, unser erster Fischz\u00fcchter und begeisterter Sportfischer bekannt. Dar\u00fcber hinaus war er ein exzellenter Fliegenfischer und Binder von k\u00fcnstlichen Fliegen. Er fischte und kannte fast alle Gew\u00e4sser Krains. Er hielt sich oft an der Poljanska Sora auf, da der damalige P\u00e4chter von Poljan\u0161\u010dica, der Schriftsteller Ivan Tav\u010dar, zu seinen Bekannten z\u00e4hlte. 1880 wurde in Ljubljana der erste Sportfischerverein Krains gegr\u00fcndet. Damals begann der Verein erstmals \u00fcber die Notwendigkeit nachzudenken, in die Gew\u00e4sser und nicht nur in die Fischerei zu investieren. Professor Franke legte zudem den Grundstein f\u00fcr das erste Fischereigesetz des Herzogtums Krain, das 1888 von Kaiser Franz Joseph unterzeichnet wurde. Zu dieser Zeit waren die Krainer Gew\u00e4sser in Bezirke unterteilt. Die Pachtverh\u00e4ltnisse galten f\u00fcr die einzelnen Bezirke. Erst 1937 wurde dieses Gesetz auf das gesamte Gebiet Sloweniens ausgedehnt. Nach dem Zweiten Weltkrieg teilten die damaligen Beh\u00f6rden die Gew\u00e4sser in 13 Fischereieinheiten ein, die von Fischereigenossenschaften verwaltet wurden. Diese fingen Fische, verkauften sie auf dem Markt und k\u00fcmmerten sich um den Fischbesatz. Auch Sportfischer waren Mitglieder und durften im gesamten Gebiet fischen. 1954 wurde ein neues Fischereigesetz erlassen, das die Verpachtung von Fischereigebieten und die kommerzielle Fischerei endg\u00fcltig abschaffte. Es legte den Grundstein f\u00fcr die Gr\u00fcndung von Fischerfamilien, die Fischereigebiete und -bezirke unentgeltlich zur Bewirtschaftung erhielten. Bis 1958 gab es eine \u00dcbergangszeit, in der Gesetzes\u00e4nderungen die Fischereigenossenschaften endg\u00fcltig aufl\u00f6sten und in Vereinigungen von Fischerfamilien umwandelten. Seitdem bewirtschaften die Fischerfamilien ihre Gebiete selbstst\u00e4ndig. 1976 wurde ein neues Gesetz \u00fcber die S\u00fc\u00dfwasserfischerei verabschiedet. Dieses Gesetz unterteilt S\u00fc\u00dfwasser in geschlossene und offene Gew\u00e4sser. Wassertiere in offenen Gew\u00e4ssern sind Teil der Tierwelt im menschlichen Lebensraum und stehen unter besonderem Schutz. In offenen Gew\u00e4ssern ist nur die Sportfischerei im Rahmen der Sportfischereiverordnung von 1981, der Verordnung \u00fcber Schutzzeiten und Mindestfischgr\u00f6\u00dfen von 1993 sowie der Verordnung zum Schutz gef\u00e4hrdeter Arten von 1993 erlaubt. Das j\u00fcngste S\u00fc\u00dfwasserfischereigesetz wurde 2006 verabschiedet. Es legt unter anderem fest, dass die Mitgliedschaft von Fischerfamilien in Fischerfamilienvereinigungen nicht mehr verpflichtend, sondern nur noch freiwillig sein kann. In Slowenien gibt es rund 13.500 Hektar offene S\u00fc\u00dfwasserfl\u00e4chen. 12.200 Hektar davon werden von 62 Fischerfamilien bewirtschaftet, die in neun regionalen Fischerfamilienvereinigungen organisiert sind. 1.300 Hektar gesch\u00fctzte Gew\u00e4sser werden vom Fischereiinstitut in Ljubljana verwaltet, das auch ein Fischereikataster bzw. -inventar sowie Fischereistatistiken f\u00fcr alle Fischgew\u00e4sser Sloweniens f\u00fchrt.<\/p>\n\n\n\n<p class=\"has-large-font-size wp-block-paragraph\">Gr\u00fcndung und Organisation der Fischerfamilie Visoko<\/p>\n\n\n\n<p class=\"wp-block-paragraph\">Das Gebiet, das heute von der Fischerfamilie Visoko bewirtschaftet wird, war zuvor als Bezirk 16b ausgewiesen und geh\u00f6rte zum Fischereibezirk \u0160kofja Loka. Vor dem Zweiten Weltkrieg wurde der Bezirk von verschiedenen P\u00e4chtern bewirtschaftet. Unter den P\u00e4chtern befand sich unser bekannter Schriftsteller Ivan Tav\u010dar, der das Gebiet bis zu seinem Tod 1923 vorbildlich verwaltete. Er verf\u00fcgte \u00fcber einen organisierten Wachdienst und vergab Fischereirechte an mehrere Fischer, die er bei Verst\u00f6\u00dfen gegen die Fischereibestimmungen wieder entzog. Nach seinem Tod \u00fcbernahm sein Sohn die Pacht und behielt sie bis Kriegsende. Nach dem Krieg wurde das Gebiet von der Fischereigenossenschaft Ljubljana gem\u00e4\u00df der damaligen Gesetzgebung verwaltet. Am 9. Mai 1954 fand die Gr\u00fcndungsversammlung der Fischerfamilie Poljane f\u00fcr die Fischereibezirke 16a und 16b statt. Daran nahmen acht Mitglieder aus dem Bezirk 16a (heute Fischereibezirk \u017diri) und f\u00fcnf Mitglieder aus dem Bezirk 16b (heute Fischereibezirk Poljane, sp\u00e4ter Fischereibezirk Visoko) teil. Im darauffolgenden Jahr gr\u00fcndeten die Fischer von \u017diri die Fischereigenossenschaft Poljane.<\/p>\n\n\n\n<p class=\"has-large-font-size wp-block-paragraph\">Die Gr\u00fcndungsmitglieder unseres Fischereivereins waren:<\/p>\n\n\n\n<p class=\"wp-block-paragraph\">Jo\u017ee Tav\u010dar, Pr\u00e4sident und Inhaber,<br>Dr. Kristijan Derganc,<br>Ivan Kova\u010d,<br>Tone Mlakar,<br>Jo\u017ee Sturm. Bis 1959 durften einige Mitglieder des Fischereivereins Ljubljana ebenfalls in diesem Bezirk fischen, bis Gesetzes\u00e4nderungen die Fischereigenossenschaften aufl\u00f6sten und durch Vereinigungen von Fischerfamilien ersetzten. Damals wurden die Mitglieder der Fischereigenossenschaften aufgeteilt und verschiedenen Fischerfamilien beigetreten.<\/p>\n\n\n\n<p class=\"wp-block-paragraph\">Unser Fischereiverein, der damals \u201eFischerfamilie des Bezirks Poljane\u201c hie\u00df, z\u00e4hlte 19 Mitglieder. Seit jenem Jahr, genauer gesagt seit dem 24. Dezember, ist unsere Familie gem\u00e4\u00df der Verordnung Nr. 03-1817\/1-59 der Gemeinde \u0160kofja Loka vom 24.12.1959 auch im Vereinsregister der Gemeinde \u0160kofja Loka eingetragen. Wir betrachteten diesen Beschluss und das Datum als Meilenstein und Beginn der organisierten Aktivit\u00e4ten unserer Fischerfamilie. Zwei Jahre sp\u00e4ter z\u00e4hlte unsere Familie bereits 25 Mitglieder. Ihren heutigen Namen erhielt sie 1968, als sie in Fischerfamilie Visoko umbenannt wurde und 39 Mitglieder hatte. Die Leitung der Familie oblag den gew\u00e4hlten Mitgliedern des Vorstands, insbesondere dem Pr\u00e4sidenten, dem Meister, dem Sekret\u00e4r und dem Schatzmeister.<\/p>\n","protected":false},"excerpt":{"rendered":"<p>Fischerfamilie Visoko (1954) 1959\u20132009 Seit jeher fischen die Menschen. Anfangs nat\u00fcrlich nur zur Nahrungsbeschaffung und zum \u00dcberleben. In unserem Land gelten Br\u00fcckenfischer als gute Fischer. Die Fangmethoden und -techniken waren [&hellip;]<\/p>\n","protected":false},"author":2,"featured_media":0,"parent":0,"menu_order":0,"comment_status":"closed","ping_status":"closed","template":"","meta":{"_crdt_document":"","site-sidebar-layout":"no-sidebar","site-content-layout":"","ast-site-content-layout":"full-width-container","site-content-style":"default","site-sidebar-style":"default","ast-global-header-display":"","ast-banner-title-visibility":"","ast-main-header-display":"","ast-hfb-above-header-display":"","ast-hfb-below-header-display":"","ast-hfb-mobile-header-display":"","site-post-title":"disabled","ast-breadcrumbs-content":"","ast-featured-img":"disabled","footer-sml-layout":"","ast-disable-related-posts":"","theme-transparent-header-meta":"","adv-header-id-meta":"","stick-header-meta":"","header-above-stick-meta":"","header-main-stick-meta":"","header-below-stick-meta":"","astra-migrate-meta-layouts":"default","ast-page-background-enabled":"default","ast-page-background-meta":{"desktop":{"background-color":"var(--ast-global-color-5)","background-image":"","background-repeat":"repeat","background-position":"center center","background-size":"auto","background-attachment":"scroll","background-type":"","background-media":"","overlay-type":"","overlay-color":"","overlay-opacity":"","overlay-gradient":""},"tablet":{"background-color":"","background-image":"","background-repeat":"repeat","background-position":"center center","background-size":"auto","background-attachment":"scroll","background-type":"","background-media":"","overlay-type":"","overlay-color":"","overlay-opacity":"","overlay-gradient":""},"mobile":{"background-color":"","background-image":"","background-repeat":"repeat","background-position":"center center","background-size":"auto","background-attachment":"scroll","background-type":"","background-media":"","overlay-type":"","overlay-color":"","overlay-opacity":"","overlay-gradient":""}},"ast-content-background-meta":{"desktop":{"background-color":"var(--ast-global-color-4)","background-image":"","background-repeat":"repeat","background-position":"center center","background-size":"auto","background-attachment":"scroll","background-type":"","background-media":"","overlay-type":"","overlay-color":"","overlay-opacity":"","overlay-gradient":""},"tablet":{"background-color":"var(--ast-global-color-4)","background-image":"","background-repeat":"repeat","background-position":"center center","background-size":"auto","background-attachment":"scroll","background-type":"","background-media":"","overlay-type":"","overlay-color":"","overlay-opacity":"","overlay-gradient":""},"mobile":{"background-color":"var(--ast-global-color-4)","background-image":"","background-repeat":"repeat","background-position":"center center","background-size":"auto","background-attachment":"scroll","background-type":"","background-media":"","overlay-type":"","overlay-color":"","overlay-opacity":"","overlay-gradient":""}},"_kadence_starter_templates_imported_post":false,"_mc_calendar":[],"footnotes":""},"class_list":["post-480","page","type-page","status-publish","hentry"],"_links":{"self":[{"href":"https:\/\/rd-visoko.si\/index.php\/wp-json\/wp\/v2\/pages\/480","targetHints":{"allow":["GET"]}}],"collection":[{"href":"https:\/\/rd-visoko.si\/index.php\/wp-json\/wp\/v2\/pages"}],"about":[{"href":"https:\/\/rd-visoko.si\/index.php\/wp-json\/wp\/v2\/types\/page"}],"author":[{"embeddable":true,"href":"https:\/\/rd-visoko.si\/index.php\/wp-json\/wp\/v2\/users\/2"}],"replies":[{"embeddable":true,"href":"https:\/\/rd-visoko.si\/index.php\/wp-json\/wp\/v2\/comments?post=480"}],"version-history":[{"count":1,"href":"https:\/\/rd-visoko.si\/index.php\/wp-json\/wp\/v2\/pages\/480\/revisions"}],"predecessor-version":[{"id":482,"href":"https:\/\/rd-visoko.si\/index.php\/wp-json\/wp\/v2\/pages\/480\/revisions\/482"}],"wp:attachment":[{"href":"https:\/\/rd-visoko.si\/index.php\/wp-json\/wp\/v2\/media?parent=480"}],"curies":[{"name":"wp","href":"https:\/\/api.w.org\/{rel}","templated":true}]}}