{"id":565,"date":"2026-03-04T07:22:12","date_gmt":"2026-03-04T07:22:12","guid":{"rendered":"https:\/\/rd-visoko.si\/?page_id=565"},"modified":"2026-03-09T10:38:28","modified_gmt":"2026-03-09T10:38:28","slug":"quartiere","status":"publish","type":"page","link":"https:\/\/rd-visoko.si\/index.php\/it\/quartiere\/","title":{"rendered":"Quartiere"},"content":{"rendered":"\n<figure class=\"wp-block-image size-large\"><img loading=\"lazy\" decoding=\"async\" width=\"1024\" height=\"549\" src=\"https:\/\/rd-visoko.si\/wp-content\/uploads\/2026\/03\/SLIKA-REVIR-SORA-1-1024x549.jpg\" alt=\"\" class=\"wp-image-575\" srcset=\"https:\/\/rd-visoko.si\/wp-content\/uploads\/2026\/03\/SLIKA-REVIR-SORA-1-1024x549.jpg 1024w, https:\/\/rd-visoko.si\/wp-content\/uploads\/2026\/03\/SLIKA-REVIR-SORA-1-300x161.jpg 300w, https:\/\/rd-visoko.si\/wp-content\/uploads\/2026\/03\/SLIKA-REVIR-SORA-1-768x412.jpg 768w, https:\/\/rd-visoko.si\/wp-content\/uploads\/2026\/03\/SLIKA-REVIR-SORA-1.jpg 1033w\" sizes=\"auto, (max-width: 1024px) 100vw, 1024px\" \/><\/figure>\n\n\n\n<div class=\"wp-block-media-text is-stacked-on-mobile\"><figure class=\"wp-block-media-text__media\"><a href=\"https:\/\/rd-visoko.si\/index.php\/it\/sarenka-ita\/\"><img loading=\"lazy\" decoding=\"async\" width=\"340\" height=\"141\" src=\"https:\/\/rd-visoko.si\/wp-content\/uploads\/2026\/03\/sarenka-2.jpg\" alt=\"\" class=\"wp-image-582 size-full\" srcset=\"https:\/\/rd-visoko.si\/wp-content\/uploads\/2026\/03\/sarenka-2.jpg 340w, https:\/\/rd-visoko.si\/wp-content\/uploads\/2026\/03\/sarenka-2-300x124.jpg 300w\" sizes=\"auto, (max-width: 340px) 100vw, 340px\" \/><\/a><\/figure><div class=\"wp-block-media-text__content\">\n<p class=\"has-large-font-size wp-block-paragraph\">Trota iridea \u2013 Oncorhynchus mykiss<\/p>\n\n\n\n<p class=\"wp-block-paragraph\">La trota iridea ha una forma di testa e corpo simile a quella di una trota fario. I maschi adulti assomigliano anche ad altri maschi di trota con la mascella inferiore rivolta verso l&#8217;alto. Il colore del corpo si adatta in una certa misura al colore dell&#8217;ambiente, pu\u00f2 essere pi\u00f9 scuro o molto chiaro. Altrimenti, il dorso \u00e8 pi\u00f9 scuro, dal grigio al verde brunastro, i fianchi sono pi\u00f9 chiari e il ventre \u00e8 grigio chiaro o biancastro. Una striscia rossa corre lungo il fianco dalla testa alla coda, che diventa splendidamente iridescente durante la deposizione delle uova, da cui il nome inglese rainbow trout, che significa trota iridea. &#8230;<\/p>\n<\/div><\/div>\n\n\n\n<div class=\"wp-block-media-text is-stacked-on-mobile\"><figure class=\"wp-block-media-text__media\"><a href=\"https:\/\/rd-visoko.si\/index.php\/it\/sulec-ita\/\"><img loading=\"lazy\" decoding=\"async\" width=\"1024\" height=\"450\" src=\"https:\/\/rd-visoko.si\/wp-content\/uploads\/2026\/03\/Sulec-1024x450-2.jpg\" alt=\"\" class=\"wp-image-581 size-full\" srcset=\"https:\/\/rd-visoko.si\/wp-content\/uploads\/2026\/03\/Sulec-1024x450-2.jpg 1024w, https:\/\/rd-visoko.si\/wp-content\/uploads\/2026\/03\/Sulec-1024x450-2-300x132.jpg 300w, https:\/\/rd-visoko.si\/wp-content\/uploads\/2026\/03\/Sulec-1024x450-2-768x338.jpg 768w\" sizes=\"auto, (max-width: 1024px) 100vw, 1024px\" \/><\/a><\/figure><div class=\"wp-block-media-text__content\">\n<p class=\"has-large-font-size wp-block-paragraph\">Lucio \u2013 Hucho hucho<\/p>\n\n\n\n<p class=\"wp-block-paragraph\">Il luccio \u00e8 il nostro pesce pi\u00f9 grande della famiglia delle trote, con un corpo decisamente affusolato, una testa grande e un muso molto grande con denti robusti. Il dorso \u00e8 di colore grigio-verde o grigio-marrone, i fianchi sono pi\u00f9 chiari con riflessi ramati, che diventano ancora pi\u00f9 pronunciati nei maschi durante la deposizione delle uova e negli individui pi\u00f9 anziani. Il ventre \u00e8 di colore da biancastro a grigio-argento chiaro. Le pinne sono chiare, bianco sporco o grigiastre. Il dorso e i fianchi sono punteggiati da rare e irregolari macchie nere. Il luccio raggiunge la maturit\u00e0 sessuale nel 4\u00b0-5\u00b0 anno di vita, a una dimensione di circa 65-70 cm. Depone le uova da ottobre a met\u00e0 febbraio. &#8230;.<\/p>\n<\/div><\/div>\n\n\n\n<div class=\"wp-block-media-text is-stacked-on-mobile\"><figure class=\"wp-block-media-text__media\"><a href=\"https:\/\/rd-visoko.si\/index.php\/it\/potocna-postrv-ita\/\"><img loading=\"lazy\" decoding=\"async\" width=\"1024\" height=\"450\" src=\"https:\/\/rd-visoko.si\/wp-content\/uploads\/2026\/03\/Potocna-postrv-1024x450-3.jpg\" alt=\"\" class=\"wp-image-580 size-full\" srcset=\"https:\/\/rd-visoko.si\/wp-content\/uploads\/2026\/03\/Potocna-postrv-1024x450-3.jpg 1024w, https:\/\/rd-visoko.si\/wp-content\/uploads\/2026\/03\/Potocna-postrv-1024x450-3-300x132.jpg 300w, https:\/\/rd-visoko.si\/wp-content\/uploads\/2026\/03\/Potocna-postrv-1024x450-3-768x338.jpg 768w\" sizes=\"auto, (max-width: 1024px) 100vw, 1024px\" \/><\/a><\/figure><div class=\"wp-block-media-text__content\">\n<p class=\"has-large-font-size wp-block-paragraph\">Trota fario \u2013 Salmo trutta m. fario<\/p>\n\n\n\n<p class=\"wp-block-paragraph\">La trota fario ha un corpo fusiforme, leggermente compresso lateralmente. La testa \u00e8 di medie dimensioni, il muso si estende all&#8217;indietro oltre il bordo posteriore dell&#8217;occhio e la bocca \u00e8 terminale. Nei maschi sessualmente maturi, la mascella inferiore \u00e8 uncinata e curva verso l&#8217;alto. Sono presenti denti sul rastrello, cos\u00ec come sulle mascelle, sulla lingua e sul palato. Il dorso \u00e8 verdastro o brunastro, a volte quasi nero, i fianchi sono pi\u00f9 chiari, dal giallo al giallo dorato, il ventre \u00e8 biancastro. Presenta macchie nere sul dorso, bordate da un bordo chiaro, e sui fianchi le macchie sono anche rosse e bordate di bianco o azzurro chiaro. Le giovani trote presentano 6-9 strisce trasversali pi\u00f9 scure sui fianchi. <\/p>\n<\/div><\/div>\n\n\n\n<div class=\"wp-block-media-text is-stacked-on-mobile\"><figure class=\"wp-block-media-text__media\"><a href=\"https:\/\/rd-visoko.si\/index.php\/it\/lipan-ita\/\"><img loading=\"lazy\" decoding=\"async\" width=\"339\" height=\"149\" src=\"https:\/\/rd-visoko.si\/wp-content\/uploads\/2026\/03\/lipan-2.jpg\" alt=\"\" class=\"wp-image-579 size-full\" srcset=\"https:\/\/rd-visoko.si\/wp-content\/uploads\/2026\/03\/lipan-2.jpg 339w, https:\/\/rd-visoko.si\/wp-content\/uploads\/2026\/03\/lipan-2-300x132.jpg 300w\" sizes=\"auto, (max-width: 339px) 100vw, 339px\" \/><\/a><\/figure><div class=\"wp-block-media-text__content\">\n<p class=\"has-large-font-size wp-block-paragraph\">Temolo \u2013 Thymallus thymallus<\/p>\n\n\n\n<p class=\"wp-block-paragraph\">Il temolo \u00e8 un pesce piuttosto insolito per la trota. Ha un corpo fortemente appiattito e un dorso convesso con una caratteristica pinna dorsale iridescente, lunga e alta. La testa del temolo \u00e8 piccola con una piccola bocca sporgente con labbra morbide. Il corpo \u00e8 di colore arancione-argento ed \u00e8 ricoperto da squame piuttosto grandi disposte in file dritte. La parte anteriore del corpo del temolo presenta macchie pi\u00f9 piccole e meno contrastanti. Il dorso di questi pesci \u00e8 di colore bruno-verdastro e il ventre \u00e8 giallo-argenteo. In media, il temolo cresce tra i 25 e i 35 cm, ma eccezionalmente pu\u00f2 raggiungere fino a 63 cm e 6,7 kg di peso. <\/p>\n<\/div><\/div>\n\n\n\n<div class=\"wp-block-media-text is-stacked-on-mobile\"><figure class=\"wp-block-media-text__media\"><a href=\"https:\/\/rd-visoko.si\/index.php\/it\/klen-ita\/\"><img loading=\"lazy\" decoding=\"async\" width=\"339\" height=\"149\" src=\"https:\/\/rd-visoko.si\/wp-content\/uploads\/2026\/03\/klen-2.jpg\" alt=\"\" class=\"wp-image-578 size-full\" srcset=\"https:\/\/rd-visoko.si\/wp-content\/uploads\/2026\/03\/klen-2.jpg 339w, https:\/\/rd-visoko.si\/wp-content\/uploads\/2026\/03\/klen-2-300x132.jpg 300w\" sizes=\"auto, (max-width: 339px) 100vw, 339px\" \/><\/a><\/figure><div class=\"wp-block-media-text__content\">\n<p class=\"has-large-font-size wp-block-paragraph\">Cavedano \u2013 Leuciscus cephalus cephalus<\/p>\n\n\n\n<p class=\"wp-block-paragraph\">Il cavedano ha un corpo cilindrico e fusiforme, ricoperto da grandi squame bordate di nero. La testa \u00e8 piatta, con fronte ampia e bocca grande, terminale e con labbra carnose. L&#8217;apertura boccale raggiunge l&#8217;ultima narice. I denti faringei sono disposti su due file. Il cavedano ha il dorso grigio-verde, i fianchi sono di colore da argento a giallo dorato e il ventre \u00e8 bianco. Le pinne dorsale e caudale sono scure, le pinne pettorali sono scure con una sfumatura rossastra e le pinne pelviche e anale sono rossastre. Il cavedano \u00e8 caratterizzato da una pinna anale convessa, che lo distingue immediatamente dal cavedano comune. Il cavedano cresce in media 20-40 cm e raggiunge un&#8217;et\u00e0 di 7-10 anni. <\/p>\n<\/div><\/div>\n","protected":false},"excerpt":{"rendered":"<p>Trota iridea \u2013 Oncorhynchus mykiss La trota iridea ha una forma di testa e corpo simile a quella di una trota fario. I maschi adulti assomigliano anche ad altri maschi [&hellip;]<\/p>\n","protected":false},"author":2,"featured_media":0,"parent":0,"menu_order":0,"comment_status":"closed","ping_status":"closed","template":"","meta":{"_crdt_document":"","site-sidebar-layout":"default","site-content-layout":"","ast-site-content-layout":"default","site-content-style":"default","site-sidebar-style":"default","ast-global-header-display":"","ast-banner-title-visibility":"","ast-main-header-display":"","ast-hfb-above-header-display":"","ast-hfb-below-header-display":"","ast-hfb-mobile-header-display":"","site-post-title":"","ast-breadcrumbs-content":"","ast-featured-img":"","footer-sml-layout":"","ast-disable-related-posts":"","theme-transparent-header-meta":"","adv-header-id-meta":"","stick-header-meta":"","header-above-stick-meta":"","header-main-stick-meta":"","header-below-stick-meta":"","astra-migrate-meta-layouts":"default","ast-page-background-enabled":"default","ast-page-background-meta":{"desktop":{"background-color":"var(--ast-global-color-5)","background-image":"","background-repeat":"repeat","background-position":"center center","background-size":"auto","background-attachment":"scroll","background-type":"","background-media":"","overlay-type":"","overlay-color":"","overlay-opacity":"","overlay-gradient":""},"tablet":{"background-color":"","background-image":"","background-repeat":"repeat","background-position":"center center","background-size":"auto","background-attachment":"scroll","background-type":"","background-media":"","overlay-type":"","overlay-color":"","overlay-opacity":"","overlay-gradient":""},"mobile":{"background-color":"","background-image":"","background-repeat":"repeat","background-position":"center center","background-size":"auto","background-attachment":"scroll","background-type":"","background-media":"","overlay-type":"","overlay-color":"","overlay-opacity":"","overlay-gradient":""}},"ast-content-background-meta":{"desktop":{"background-color":"var(--ast-global-color-4)","background-image":"","background-repeat":"repeat","background-position":"center center","background-size":"auto","background-attachment":"scroll","background-type":"","background-media":"","overlay-type":"","overlay-color":"","overlay-opacity":"","overlay-gradient":""},"tablet":{"background-color":"var(--ast-global-color-4)","background-image":"","background-repeat":"repeat","background-position":"center center","background-size":"auto","background-attachment":"scroll","background-type":"","background-media":"","overlay-type":"","overlay-color":"","overlay-opacity":"","overlay-gradient":""},"mobile":{"background-color":"var(--ast-global-color-4)","background-image":"","background-repeat":"repeat","background-position":"center center","background-size":"auto","background-attachment":"scroll","background-type":"","background-media":"","overlay-type":"","overlay-color":"","overlay-opacity":"","overlay-gradient":""}},"_kadence_starter_templates_imported_post":false,"_mc_calendar":[],"footnotes":""},"class_list":["post-565","page","type-page","status-publish","hentry"],"_links":{"self":[{"href":"https:\/\/rd-visoko.si\/index.php\/wp-json\/wp\/v2\/pages\/565","targetHints":{"allow":["GET"]}}],"collection":[{"href":"https:\/\/rd-visoko.si\/index.php\/wp-json\/wp\/v2\/pages"}],"about":[{"href":"https:\/\/rd-visoko.si\/index.php\/wp-json\/wp\/v2\/types\/page"}],"author":[{"embeddable":true,"href":"https:\/\/rd-visoko.si\/index.php\/wp-json\/wp\/v2\/users\/2"}],"replies":[{"embeddable":true,"href":"https:\/\/rd-visoko.si\/index.php\/wp-json\/wp\/v2\/comments?post=565"}],"version-history":[{"count":9,"href":"https:\/\/rd-visoko.si\/index.php\/wp-json\/wp\/v2\/pages\/565\/revisions"}],"predecessor-version":[{"id":720,"href":"https:\/\/rd-visoko.si\/index.php\/wp-json\/wp\/v2\/pages\/565\/revisions\/720"}],"wp:attachment":[{"href":"https:\/\/rd-visoko.si\/index.php\/wp-json\/wp\/v2\/media?parent=565"}],"curies":[{"name":"wp","href":"https:\/\/api.w.org\/{rel}","templated":true}]}}