{"id":585,"date":"2026-03-04T08:13:35","date_gmt":"2026-03-04T08:13:35","guid":{"rendered":"https:\/\/rd-visoko.si\/?page_id=585"},"modified":"2026-03-09T10:40:30","modified_gmt":"2026-03-09T10:40:30","slug":"bezirk","status":"publish","type":"page","link":"https:\/\/rd-visoko.si\/index.php\/de\/bezirk\/","title":{"rendered":"Bezirk"},"content":{"rendered":"\n<figure class=\"wp-block-image size-large\"><img loading=\"lazy\" decoding=\"async\" width=\"1024\" height=\"549\" src=\"https:\/\/rd-visoko.si\/wp-content\/uploads\/2026\/03\/SLIKA-REVIR-SORA-2-1024x549.jpg\" alt=\"\" class=\"wp-image-592\" srcset=\"https:\/\/rd-visoko.si\/wp-content\/uploads\/2026\/03\/SLIKA-REVIR-SORA-2-1024x549.jpg 1024w, https:\/\/rd-visoko.si\/wp-content\/uploads\/2026\/03\/SLIKA-REVIR-SORA-2-300x161.jpg 300w, https:\/\/rd-visoko.si\/wp-content\/uploads\/2026\/03\/SLIKA-REVIR-SORA-2-768x412.jpg 768w, https:\/\/rd-visoko.si\/wp-content\/uploads\/2026\/03\/SLIKA-REVIR-SORA-2.jpg 1033w\" sizes=\"auto, (max-width: 1024px) 100vw, 1024px\" \/><\/figure>\n\n\n\n<div class=\"wp-block-media-text is-stacked-on-mobile\"><figure class=\"wp-block-media-text__media\"><a href=\"https:\/\/rd-visoko.si\/index.php\/de\/sarenke-deu\/\"><img loading=\"lazy\" decoding=\"async\" width=\"340\" height=\"141\" src=\"https:\/\/rd-visoko.si\/wp-content\/uploads\/2026\/03\/sarenka-3.jpg\" alt=\"\" class=\"wp-image-586 size-full\" srcset=\"https:\/\/rd-visoko.si\/wp-content\/uploads\/2026\/03\/sarenka-3.jpg 340w, https:\/\/rd-visoko.si\/wp-content\/uploads\/2026\/03\/sarenka-3-300x124.jpg 300w\" sizes=\"auto, (max-width: 340px) 100vw, 340px\" \/><\/a><\/figure><div class=\"wp-block-media-text__content\">\n<p class=\"has-large-font-size wp-block-paragraph\">Die Regenbogenforelle \u2013 Oncorhynchus mykiss<\/p>\n\n\n\n<p class=\"wp-block-paragraph\">Die Regenbogenforelle \u00e4hnelt in Kopf und K\u00f6rperbau der Bachforelle. Ausgewachsene M\u00e4nnchen \u00e4hneln mit ihrem nach oben gebogenen Unterkiefer auch anderen Forellenm\u00e4nnchen. Die K\u00f6rperfarbe passt sich bis zu einem gewissen Grad der Umgebung an; sie kann dunkler oder sehr hell sein. Der R\u00fccken ist dunkler, grau bis br\u00e4unlich-gr\u00fcn, die Flanken sind heller und der Bauch hellgrau bis wei\u00dflich. Ein roter Streifen verl\u00e4uft entlang der Flanke vom Kopf bis zur Schwanzflosse und schimmert w\u00e4hrend des Laichens wundersch\u00f6n \u2013 daher der Name \u201eRegenbogenforelle\u201c. Sie hat winzige schwarze Punkte, die \u00fcber ihren ganzen K\u00f6rper und alle Flossen verteilt sind. Die Regenbogenforelle erreicht die Geschlechtsreife mit 2\u20133 Jahren. &#8230;<\/p>\n<\/div><\/div>\n\n\n\n<div class=\"wp-block-media-text is-stacked-on-mobile\"><figure class=\"wp-block-media-text__media\"><a href=\"https:\/\/rd-visoko.si\/index.php\/de\/sulec-deu\/\"><img loading=\"lazy\" decoding=\"async\" width=\"1024\" height=\"450\" src=\"https:\/\/rd-visoko.si\/wp-content\/uploads\/2026\/03\/Sulec-1024x450-4.jpg\" alt=\"\" class=\"wp-image-588 size-full\" srcset=\"https:\/\/rd-visoko.si\/wp-content\/uploads\/2026\/03\/Sulec-1024x450-4.jpg 1024w, https:\/\/rd-visoko.si\/wp-content\/uploads\/2026\/03\/Sulec-1024x450-4-300x132.jpg 300w, https:\/\/rd-visoko.si\/wp-content\/uploads\/2026\/03\/Sulec-1024x450-4-768x338.jpg 768w\" sizes=\"auto, (max-width: 1024px) 100vw, 1024px\" \/><\/a><\/figure><div class=\"wp-block-media-text__content\">\n<p class=\"has-large-font-size wp-block-paragraph\">Der Hecht \u2013 Hucho hucho<\/p>\n\n\n\n<p class=\"wp-block-paragraph\">Der Hecht ist unser gr\u00f6\u00dfter Fisch aus der Forellenfamilie. Er hat einen ausgepr\u00e4gt spindelf\u00f6rmigen K\u00f6rper, einen gro\u00dfen Kopf und eine sehr gro\u00dfe Schnauze mit kr\u00e4ftigen Z\u00e4hnen. Der R\u00fccken ist graugr\u00fcn bis graubraun, die Flanken sind heller und schimmern kupferfarben, was bei M\u00e4nnchen w\u00e4hrend der Laichzeit und bei \u00e4lteren Tieren noch deutlicher wird. Der Bauch ist wei\u00dflich bis hell silbergrau. Die Flossen sind hell, schmutzig wei\u00df oder gr\u00e4ulich. R\u00fccken und Flanken sind mit seltenen und unregelm\u00e4\u00dfigen schwarzen Flecken \u00fcbers\u00e4t. Der Hecht erreicht die Geschlechtsreife im vierten bis f\u00fcnften Lebensjahr mit einer Gr\u00f6\u00dfe von etwa 65\u201370 cm. Er laicht von Oktober bis Mitte Februar. ..<\/p>\n<\/div><\/div>\n\n\n\n<div class=\"wp-block-media-text is-stacked-on-mobile\"><figure class=\"wp-block-media-text__media\"><a href=\"https:\/\/rd-visoko.si\/index.php\/it\/potocna-postrv-ita\/\"><img loading=\"lazy\" decoding=\"async\" width=\"1024\" height=\"450\" src=\"https:\/\/rd-visoko.si\/wp-content\/uploads\/2026\/03\/Potocna-postrv-1024x450-4.jpg\" alt=\"\" class=\"wp-image-589 size-full\" srcset=\"https:\/\/rd-visoko.si\/wp-content\/uploads\/2026\/03\/Potocna-postrv-1024x450-4.jpg 1024w, https:\/\/rd-visoko.si\/wp-content\/uploads\/2026\/03\/Potocna-postrv-1024x450-4-300x132.jpg 300w, https:\/\/rd-visoko.si\/wp-content\/uploads\/2026\/03\/Potocna-postrv-1024x450-4-768x338.jpg 768w\" sizes=\"auto, (max-width: 1024px) 100vw, 1024px\" \/><\/a><\/figure><div class=\"wp-block-media-text__content\">\n<p class=\"has-large-font-size wp-block-paragraph\">Die Bachforelle \u2013 Salmo trutta m. fario<\/p>\n\n\n\n<p class=\"wp-block-paragraph\">Die Bachforelle hat einen spindelf\u00f6rmigen, seitlich leicht abgeflachten K\u00f6rper. Der Kopf ist mittelgro\u00df, die Schnauze reicht \u00fcber den hinteren Augenrand hinaus, und das Maul ist endst\u00e4ndig. Bei geschlechtsreifen M\u00e4nnchen ist der Unterkiefer hakenf\u00f6rmig und nach oben gebogen. Z\u00e4hne befinden sich am Rachen, im Kiefer, auf der Zunge und am Gaumen. Der R\u00fccken ist gr\u00fcnlich bis br\u00e4unlich, manchmal fast schwarz, die Flanken sind heller, gelblich bis goldgelb, der Bauch wei\u00dflich. Der R\u00fccken weist schwarze, hell umrandete Flecken auf, die Flanken ebenfalls rote, wei\u00df oder hellblau umrandete Flecken. Jungforellen haben 6\u20139 dunkle Querstreifen an den Flanken. &#8230;<\/p>\n<\/div><\/div>\n\n\n\n<div class=\"wp-block-media-text is-stacked-on-mobile\"><figure class=\"wp-block-media-text__media\"><a href=\"https:\/\/rd-visoko.si\/index.php\/de\/lipan-deu\/\"><img loading=\"lazy\" decoding=\"async\" width=\"339\" height=\"149\" src=\"https:\/\/rd-visoko.si\/wp-content\/uploads\/2026\/03\/lipan-3.jpg\" alt=\"\" class=\"wp-image-590 size-full\" srcset=\"https:\/\/rd-visoko.si\/wp-content\/uploads\/2026\/03\/lipan-3.jpg 339w, https:\/\/rd-visoko.si\/wp-content\/uploads\/2026\/03\/lipan-3-300x132.jpg 300w\" sizes=\"auto, (max-width: 339px) 100vw, 339px\" \/><\/a><\/figure><div class=\"wp-block-media-text__content\">\n<p class=\"has-large-font-size wp-block-paragraph\">Die \u00c4sche \u2013 Thymallus thymallus<\/p>\n\n\n\n<p class=\"wp-block-paragraph\">Die \u00c4sche ist ein eher ungew\u00f6hnlicher Fisch im Vergleich zu Forellen. Sie hat einen stark abgeflachten K\u00f6rper und einen gew\u00f6lbten R\u00fccken mit einer charakteristischen, schillernden, langen und hohen R\u00fcckenflosse. Der Kopf der \u00c4sche ist klein mit einem kleinen, vorstehenden Maul mit weichen Lippen. Der K\u00f6rper ist orange-silbern und mit relativ gro\u00dfen, in geraden Reihen angeordneten Schuppen bedeckt. Der vordere Teil des K\u00f6rpers weist kleinere und weniger kontrastierende Flecken auf. Der R\u00fccken dieser Fische ist gr\u00fcnlich-braun, der Bauch silbrig-gelb. \u00c4schen erreichen im Durchschnitt eine L\u00e4nge von 25 bis 35 cm, k\u00f6nnen aber ausnahmsweise bis zu 63 cm und ein Gewicht von 6,7 kg erreichen. &#8230;<\/p>\n<\/div><\/div>\n\n\n\n<div class=\"wp-block-media-text is-stacked-on-mobile\"><figure class=\"wp-block-media-text__media\"><a href=\"https:\/\/rd-visoko.si\/index.php\/de\/klen-deu\/\"><img loading=\"lazy\" decoding=\"async\" width=\"339\" height=\"149\" src=\"https:\/\/rd-visoko.si\/wp-content\/uploads\/2026\/03\/klen-3.jpg\" alt=\"\" class=\"wp-image-591 size-full\" srcset=\"https:\/\/rd-visoko.si\/wp-content\/uploads\/2026\/03\/klen-3.jpg 339w, https:\/\/rd-visoko.si\/wp-content\/uploads\/2026\/03\/klen-3-300x132.jpg 300w\" sizes=\"auto, (max-width: 339px) 100vw, 339px\" \/><\/a><\/figure><div class=\"wp-block-media-text__content\">\n<p class=\"has-large-font-size wp-block-paragraph\">Dobel \u2013 Leuciscus cephalus cephalus<\/p>\n\n\n\n<p class=\"wp-block-paragraph\">Der D\u00f6bel hat einen spindelf\u00f6rmigen, zylindrischen K\u00f6rper, der mit gro\u00dfen, schwarz umrandeten Schuppen bedeckt ist. Der Kopf ist flach mit einer breiten Stirn und einem gro\u00dfen, endst\u00e4ndigen Maul mit fleischigen Lippen. Die Maul\u00f6ffnung reicht bis zum letzten Nasenloch. Die Schlundz\u00e4hne sind zweireihig angeordnet. Der R\u00fccken des D\u00f6bels ist graugr\u00fcn, die Flanken sind silber- bis goldgelb und der Bauch wei\u00df. R\u00fccken- und Schwanzflosse sind dunkel, die Brustflossen dunkel mit einem r\u00f6tlichen Schimmer und die Bauch- und Afterflossen r\u00f6tlich. Charakteristisch f\u00fcr den D\u00f6bel ist seine gew\u00f6lbte Afterflosse, die ihn deutlich vom D\u00f6bel unterscheidet. &#8230;<\/p>\n<\/div><\/div>\n","protected":false},"excerpt":{"rendered":"<p>Die Regenbogenforelle \u2013 Oncorhynchus mykiss Die Regenbogenforelle \u00e4hnelt in Kopf und K\u00f6rperbau der Bachforelle. Ausgewachsene M\u00e4nnchen \u00e4hneln mit ihrem nach oben gebogenen Unterkiefer auch anderen Forellenm\u00e4nnchen. Die K\u00f6rperfarbe passt sich [&hellip;]<\/p>\n","protected":false},"author":2,"featured_media":0,"parent":0,"menu_order":0,"comment_status":"closed","ping_status":"closed","template":"","meta":{"_crdt_document":"","site-sidebar-layout":"default","site-content-layout":"","ast-site-content-layout":"default","site-content-style":"default","site-sidebar-style":"default","ast-global-header-display":"","ast-banner-title-visibility":"","ast-main-header-display":"","ast-hfb-above-header-display":"","ast-hfb-below-header-display":"","ast-hfb-mobile-header-display":"","site-post-title":"","ast-breadcrumbs-content":"","ast-featured-img":"","footer-sml-layout":"","ast-disable-related-posts":"","theme-transparent-header-meta":"","adv-header-id-meta":"","stick-header-meta":"","header-above-stick-meta":"","header-main-stick-meta":"","header-below-stick-meta":"","astra-migrate-meta-layouts":"default","ast-page-background-enabled":"default","ast-page-background-meta":{"desktop":{"background-color":"var(--ast-global-color-5)","background-image":"","background-repeat":"repeat","background-position":"center center","background-size":"auto","background-attachment":"scroll","background-type":"","background-media":"","overlay-type":"","overlay-color":"","overlay-opacity":"","overlay-gradient":""},"tablet":{"background-color":"","background-image":"","background-repeat":"repeat","background-position":"center center","background-size":"auto","background-attachment":"scroll","background-type":"","background-media":"","overlay-type":"","overlay-color":"","overlay-opacity":"","overlay-gradient":""},"mobile":{"background-color":"","background-image":"","background-repeat":"repeat","background-position":"center center","background-size":"auto","background-attachment":"scroll","background-type":"","background-media":"","overlay-type":"","overlay-color":"","overlay-opacity":"","overlay-gradient":""}},"ast-content-background-meta":{"desktop":{"background-color":"var(--ast-global-color-4)","background-image":"","background-repeat":"repeat","background-position":"center center","background-size":"auto","background-attachment":"scroll","background-type":"","background-media":"","overlay-type":"","overlay-color":"","overlay-opacity":"","overlay-gradient":""},"tablet":{"background-color":"var(--ast-global-color-4)","background-image":"","background-repeat":"repeat","background-position":"center center","background-size":"auto","background-attachment":"scroll","background-type":"","background-media":"","overlay-type":"","overlay-color":"","overlay-opacity":"","overlay-gradient":""},"mobile":{"background-color":"var(--ast-global-color-4)","background-image":"","background-repeat":"repeat","background-position":"center center","background-size":"auto","background-attachment":"scroll","background-type":"","background-media":"","overlay-type":"","overlay-color":"","overlay-opacity":"","overlay-gradient":""}},"_kadence_starter_templates_imported_post":false,"_mc_calendar":[],"footnotes":""},"class_list":["post-585","page","type-page","status-publish","hentry"],"_links":{"self":[{"href":"https:\/\/rd-visoko.si\/index.php\/wp-json\/wp\/v2\/pages\/585","targetHints":{"allow":["GET"]}}],"collection":[{"href":"https:\/\/rd-visoko.si\/index.php\/wp-json\/wp\/v2\/pages"}],"about":[{"href":"https:\/\/rd-visoko.si\/index.php\/wp-json\/wp\/v2\/types\/page"}],"author":[{"embeddable":true,"href":"https:\/\/rd-visoko.si\/index.php\/wp-json\/wp\/v2\/users\/2"}],"replies":[{"embeddable":true,"href":"https:\/\/rd-visoko.si\/index.php\/wp-json\/wp\/v2\/comments?post=585"}],"version-history":[{"count":8,"href":"https:\/\/rd-visoko.si\/index.php\/wp-json\/wp\/v2\/pages\/585\/revisions"}],"predecessor-version":[{"id":722,"href":"https:\/\/rd-visoko.si\/index.php\/wp-json\/wp\/v2\/pages\/585\/revisions\/722"}],"wp:attachment":[{"href":"https:\/\/rd-visoko.si\/index.php\/wp-json\/wp\/v2\/media?parent=585"}],"curies":[{"name":"wp","href":"https:\/\/api.w.org\/{rel}","templated":true}]}}