{"id":665,"date":"2026-03-09T10:05:02","date_gmt":"2026-03-09T10:05:02","guid":{"rendered":"https:\/\/rd-visoko.si\/?page_id=665"},"modified":"2026-03-09T10:48:36","modified_gmt":"2026-03-09T10:48:36","slug":"sarenka-ita","status":"publish","type":"page","link":"https:\/\/rd-visoko.si\/index.php\/it\/sarenka-ita\/","title":{"rendered":"\u0160arenka ITA"},"content":{"rendered":"\n<figure class=\"wp-block-image size-full is-resized\"><img loading=\"lazy\" decoding=\"async\" width=\"340\" height=\"141\" src=\"https:\/\/rd-visoko.si\/wp-content\/uploads\/2026\/03\/sarenka-2.jpg\" alt=\"\" class=\"wp-image-582\" style=\"aspect-ratio:2.4116147622741884;width:1012px;height:auto\" srcset=\"https:\/\/rd-visoko.si\/wp-content\/uploads\/2026\/03\/sarenka-2.jpg 340w, https:\/\/rd-visoko.si\/wp-content\/uploads\/2026\/03\/sarenka-2-300x124.jpg 300w\" sizes=\"auto, (max-width: 340px) 100vw, 340px\" \/><\/figure>\n\n\n\n<p class=\"has-large-font-size wp-block-paragraph\"><strong>La trota iridea \u2013 Oncorhynchus mykiss<\/strong><\/p>\n\n\n\n<p class=\"wp-block-paragraph\">La trota iridea ha una forma di testa e corpo simile a quella di una trota fario. I maschi adulti assomigliano anche ad altri maschi di trota con la mascella inferiore rivolta verso l&#8217;alto. Il colore del corpo si adatta in una certa misura al colore dell&#8217;ambiente, pu\u00f2 essere pi\u00f9 scuro o molto chiaro. Altrimenti, il dorso \u00e8 pi\u00f9 scuro, dal grigio al verde brunastro, i fianchi sono pi\u00f9 chiari e il ventre \u00e8 grigio chiaro o biancastro. Una striscia rossa corre lungo il fianco dalla testa alla coda, che diventa splendidamente iridescente durante la deposizione delle uova, da cui il nome inglese rainbow trout, che significa trota iridea. Presenta minuscole macchie nere sparse su tutto il corpo e su tutte le pinne. La trota iridea raggiunge la maturit\u00e0 sessuale a 2-3 anni di et\u00e0. Nel suo territorio d&#8217;origine, migra dal mare all&#8217;acqua dolce durante la deposizione delle uova o trascorre l&#8217;intera vita in acqua dolce. In Slovenia, tuttavia, dove si riproduce naturalmente, rimane per tutta la vita e non migra. In natura, la deposizione delle uova avviene da febbraio ad aprile, mentre negli allevamenti ittici avviene a dicembre o anche prima (ottobre). La femmina depone 1600-2000 uova per chilogrammo di peso corporeo. Le uova sono grandi, con un diametro di circa 4,5 mm. Si nutre come altre specie di trota, ovvero di piccoli invertebrati acquatici, insetti che volano sopra l&#8217;acqua e pesci di tutte le dimensioni. Nel suo habitat naturale, vive in branchi in pozze pi\u00f9 grandi e in zone pi\u00f9 profonde dei corsi d&#8217;acqua. Nel nostro Paese, vive nelle stesse acque della trota fario, ma pu\u00f2 resistere a temperature pi\u00f9 elevate e non \u00e8 una specie ittica indigena.<\/p>\n\n\n\n<p class=\"wp-block-paragraph\"><strong>Distribuzione:<\/strong><br>La trota iridea \u00e8 originaria del Nord America. Vive nei fiumi che sfociano nell&#8217;Oceano Pacifico. Dal suo insediamento in Europa, dove \u00e8 arrivata dalla California nel 1880, si \u00e8 diffusa in tutti i corsi d&#8217;acqua europei. Abita quasi tutti i corsi d&#8217;acqua della Slovenia, dove \u00e8 stato introdotto nel 1890, e la sua popolazione \u00e8 mantenuta artificialmente dai pescatori che lo ripopolano costantemente per la pesca sportiva. Si riproduce anche in molte acque in cui i pescatori lo investono. Finora, non rappresenta alcun pericolo o competizione per altri pesci.<\/p>\n\n\n\n<p class=\"wp-block-paragraph\"><strong>Economia:<\/strong><br>Grazie alla sua rapida crescita, viene allevato in allevamenti ittici in tutta la Slovenia, sia per investimenti nelle acque di pesca sportiva che per il consumo umano. Tra tutte le specie di trota, \u00e8 la pi\u00f9 importante dal punto di vista economico nel nostro Paese. \u00c8 interessante per la pesca sportiva soprattutto perch\u00e9 \u00e8 molto vorace e cattura a qualsiasi ora del giorno, e non \u00e8 schizzinoso in fatto di esche.<\/p>\n","protected":false},"excerpt":{"rendered":"<p>La trota iridea \u2013 Oncorhynchus mykiss La trota iridea ha una forma di testa e corpo simile a quella di una trota fario. I maschi adulti assomigliano anche ad altri [&hellip;]<\/p>\n","protected":false},"author":2,"featured_media":0,"parent":0,"menu_order":0,"comment_status":"closed","ping_status":"closed","template":"","meta":{"_crdt_document":"","site-sidebar-layout":"default","site-content-layout":"","ast-site-content-layout":"default","site-content-style":"default","site-sidebar-style":"default","ast-global-header-display":"","ast-banner-title-visibility":"","ast-main-header-display":"","ast-hfb-above-header-display":"","ast-hfb-below-header-display":"","ast-hfb-mobile-header-display":"","site-post-title":"disabled","ast-breadcrumbs-content":"","ast-featured-img":"","footer-sml-layout":"","ast-disable-related-posts":"","theme-transparent-header-meta":"","adv-header-id-meta":"","stick-header-meta":"","header-above-stick-meta":"","header-main-stick-meta":"","header-below-stick-meta":"","astra-migrate-meta-layouts":"default","ast-page-background-enabled":"default","ast-page-background-meta":{"desktop":{"background-color":"var(--ast-global-color-5)","background-image":"","background-repeat":"repeat","background-position":"center center","background-size":"auto","background-attachment":"scroll","background-type":"","background-media":"","overlay-type":"","overlay-color":"","overlay-opacity":"","overlay-gradient":""},"tablet":{"background-color":"","background-image":"","background-repeat":"repeat","background-position":"center center","background-size":"auto","background-attachment":"scroll","background-type":"","background-media":"","overlay-type":"","overlay-color":"","overlay-opacity":"","overlay-gradient":""},"mobile":{"background-color":"","background-image":"","background-repeat":"repeat","background-position":"center center","background-size":"auto","background-attachment":"scroll","background-type":"","background-media":"","overlay-type":"","overlay-color":"","overlay-opacity":"","overlay-gradient":""}},"ast-content-background-meta":{"desktop":{"background-color":"var(--ast-global-color-4)","background-image":"","background-repeat":"repeat","background-position":"center center","background-size":"auto","background-attachment":"scroll","background-type":"","background-media":"","overlay-type":"","overlay-color":"","overlay-opacity":"","overlay-gradient":""},"tablet":{"background-color":"var(--ast-global-color-4)","background-image":"","background-repeat":"repeat","background-position":"center center","background-size":"auto","background-attachment":"scroll","background-type":"","background-media":"","overlay-type":"","overlay-color":"","overlay-opacity":"","overlay-gradient":""},"mobile":{"background-color":"var(--ast-global-color-4)","background-image":"","background-repeat":"repeat","background-position":"center center","background-size":"auto","background-attachment":"scroll","background-type":"","background-media":"","overlay-type":"","overlay-color":"","overlay-opacity":"","overlay-gradient":""}},"_kadence_starter_templates_imported_post":false,"_mc_calendar":[],"footnotes":""},"class_list":["post-665","page","type-page","status-publish","hentry"],"_links":{"self":[{"href":"https:\/\/rd-visoko.si\/index.php\/wp-json\/wp\/v2\/pages\/665","targetHints":{"allow":["GET"]}}],"collection":[{"href":"https:\/\/rd-visoko.si\/index.php\/wp-json\/wp\/v2\/pages"}],"about":[{"href":"https:\/\/rd-visoko.si\/index.php\/wp-json\/wp\/v2\/types\/page"}],"author":[{"embeddable":true,"href":"https:\/\/rd-visoko.si\/index.php\/wp-json\/wp\/v2\/users\/2"}],"replies":[{"embeddable":true,"href":"https:\/\/rd-visoko.si\/index.php\/wp-json\/wp\/v2\/comments?post=665"}],"version-history":[{"count":2,"href":"https:\/\/rd-visoko.si\/index.php\/wp-json\/wp\/v2\/pages\/665\/revisions"}],"predecessor-version":[{"id":731,"href":"https:\/\/rd-visoko.si\/index.php\/wp-json\/wp\/v2\/pages\/665\/revisions\/731"}],"wp:attachment":[{"href":"https:\/\/rd-visoko.si\/index.php\/wp-json\/wp\/v2\/media?parent=665"}],"curies":[{"name":"wp","href":"https:\/\/api.w.org\/{rel}","templated":true}]}}